s -1d09ec + -3?
-1d09ef
In base 13, what is a587a8 + 2?
a587aa
In base 2, what is 111000 - -101101?
1100101
In base 5, what is 141 + 240243?
240434
In base 7, what is 1 - -130054?
130055
In base 16, what is 2 - 68b6?
-68b4
In base 5, what is 4 + -344121?
-344112
In base 4, what is -10233 + -132?
-11031
In base 9, what is 544 - 4341?
-3686
In base 7, what is 6 + -235540?
-235531
In base 9, what is -5087 - -4?
-5083
In base 4, what is 1232332 + 13?
1233011
In base 5, what is 141 + 22422?
23113
In base 6, what is 1 + 103123054?
103123055
In base 4, what is -1231120300 + 1?
-1231120233
In base 9, what is 205884 - 16?
205867
In base 4, what is 21022 - 30013?
-2331
In base 12, what is 47 + -5a77?
-5a30
In base 2, what is 101 + 101011110100110011?
101011110100111000
In base 2, what is -10011 - 11011110?
-11110001
In base 11, what is -37156 - 4?
-3715a
In base 7, what is 32364043 - -2?
32364045
In base 12, what is -14787b + 6?
-147875
In base 7, what is -2345 + 32?
-2313
In base 2, what is 110000101111100101101 + -100?
110000101111100101001
In base 7, what is -140 - -660?
520
In base 2, what is -1000110101101010 - 101111?
-1000110110011001
In base 8, what is -3161730 - 2?
-3161732
In base 2, what is -101011101000000 + 11?
-101011100111101
In base 15, what is 3 + 95?
98
In base 10, what is 3 + -5694?
-5691
In base 6, what is -14 + -2221?
-2235
In base 14, what is -503 - 49?
-54c
In base 5, what is 32143 + -431?
31212
In base 4, what is -233013212 - 2?
-233013220
In base 9, what is 5 - -152050?
152055
In base 7, what is -1124231 - 5?
-1124236
In base 2, what is -101 + -110100101101110?
-110100101110011
In base 10, what is -342 - 47?
-389
In base 14, what is 0 - 14601d?
-14601d
In base 11, what is -110 + 2171?
2061
In base 11, what is 3 - -47050?
47053
In base 14, what is 0 - -5546?
5546
In base 3, what is -202 + 1100111101?
1100110122
In base 3, what is 2020020201 + 22?
2020021000
In base 11, what is -5 + -88a?
-894
In base 12, what is -1430 - -518?
-b14
In base 13, what is -6199 - -97?
-6102
In base 14, what is -44 + -4685?
-46c9
In base 12, what is -3 - -86997?
86994
In base 10, what is -4 - 342677?
-342681
In base 2, what is -110001 - 110110000110?
-110110110111
In base 2, what is -1001011000011110 - -10010?
-1001011000001100
In base 12, what is 0 + -2994?
-2994
In base 8, what is -4772 + 1377?
-3373
In base 15, what is -311 - 231b?
-262c
In base 8, what is 1124267 + 1?
1124270
In base 11, what is 59 - 494?
-436
In base 16, what is be6b - b?
be60
In base 15, what is 0 + 120db?
120db
In base 3, what is 210010100002 - 0?
210010100002
In base 10, what is -966 + 5179?
4213
In base 13, what is 68b - 1c?
66c
In base 14, what is -5 + 982a?
9825
In base 6, what is 15501 + 5?
15510
In base 7, what is -13523 - -15?
-13505
In base 4, what is 331330202 - 0?
331330202
In base 5, what is -120104 + 0?
-120104
In base 15, what is -188b + 33?
-1858
In base 8, what is -65 - 2613?
-2700
In base 15, what is -1 + -3447?
-3448
In base 6, what is 2304254 - -32?
2304330
In base 8, what is -424 - 226?
-652
In base 14, what is -2 + a1729?
a1727
In base 15, what is 1625 + 5?
162a
In base 10, what is 4 + -1753818?
-1753814
In base 14, what is 2316c + -4?
23168
In base 2, what is -10110001001010001 + 10100?
-10110001000111101
In base 13, what is 269c - 2a?
2672
In base 5, what is -12044 + 2?
-12042
In base 10, what is 4 - 8069?
-8065
In base 7, what is 10 - 4512?
-4502
In base 11, what is 7874 - -2?
7876
In base 16, what is -35294 + 1?
-35293
In base 3, what is -102002022210 - -10?
-102002022200
In base 14, what is 6 + -3516?
-3510
In base 4, what is -100231300 + -32?
-100231332
In base 9, what is 1685461 + 2?
1685463
In base 16, what is 4dbe + -3?
4dbb
In base 5, what is -12 - 21324343?
-21324410
In base 5, what is 32320314 + -10?
32320304
In base 9, what is 3 - -142544?
142547
In base 14, what is bdc1 + 3?
bdc4
In base 7, what is -5 + -31251?
-31256
In base 7, what is 22425 + -264?
22131
In base 4, what is 231303023 + -1?
231303022
In base 15, what is -17 + 238?
221
In base 3, what is 210102112222 - 10?
210102112212
In base 14, what is 7b5 + -a0?
715
In base 10, what is 2856 - -103?
2959
In base 16, what is -18a + -e3?
-26d
In base 10, what is 202233 + 8?
202241
In base 12, what is -a - 11b18?
-11b26
In base 14, what is 3dd5 + 2cc?
42c3
In base 5, what is 2124 - 114313?
-112134
In base 15, what is -960 + -2c7?
-c37
In base 2, what is -111010010111010 + -11?
-111010010111101
In base 9, what is 16275 - 3?
16272
In base 8, what is 472 - -62?
554
In base 11, what is 1 + aa14?
aa15
In base 13, what is 2123 - -35?
2158
In base 6, what is 35 - 414123?
-414044
In base 11, what is -2252 + 16a?
-2093
In base 13, what is 8811 - 0?
8811
In base 13, what is -31 + 1a3a?
1a09
In base 9, what is 0 - 16170?
-16170
In base 14, what is 1 - -5dacc?
5dacd
In base 4, what is 0 - -222213?
222213
In base 2, what is -100010001110111 - -11?
-100010001110100
In base 9, what is 3 - -72587?
72601
In base 5, what is -1341120 - 102?
-1341222
In base 10, what is 1 - 160649?
-160648
In base 12, what is -35 + 24a?
215
In base 4, what is -120 - -233232?
233112
In base 15, what is -23 - -31c?
2e9
In base 13, what is -822c - -3?
-8229
In base 8, what is -47 + -7470?
-7537
In base 13, what is -213a5 + -2?
-213a7
In base 7, what is -1436 + -34?
-1503
In base 2, what is -11110011011 + 100111?
-11101110100
In base 15, what is -9a65 - -4?
-9a61
In base 9, what is -157685 - -1?
-157684
In base 4, what is -201120 - 11211?
-212331
In base 6, what is -14 + -23034?
-23052
In base 11, what is -1436122 - 4?
-1436126
In base 16, what is d9e + 0?
d9e
In base 5, what is -4210231 + 41?
-4210140
In base 7, what is 24 - -26421?
26445
In base 8, what is -3 - 26506?
-26511
In base 12, what is -162 - 3873?
-3a15
In base 16, what is -53 - -de?
8b
In base 9, what is -2018278 + 4?
-2018274
In base 2, what is -1001010111100 - 10010111?
-1001101010011
In base 10, what is 170 + -3849?
-3679
In base 5, what is -10133300 - -4?
-10133241
In base 5, what is 2033 - -30?
2113
In base 6, what is 2 - -1134323?
1134325
In base 6, what is -20125424 + 4?
-20125420
In base 9, what is -6038 + 407?
-5531
In base 14, what is -2966 - 2?
-2968
In base 13, what is -3 - 3a013?
-3a016
In base 9, what is -1 - 102803?
-102804
In base 8, what is 4 - 250621?
-250615
In base 14, what is -5 - -227?
222
In base 4, what is -1100 + -103111?
-110211
In base 9, what is -107 - 716?
-824
In base 14, what is 358 - -198?
512
In base 8, what is -1 + -247251?
-247252
In base 6, what is -22522 + -5?
-22531
In base 3, what is 1101110222 + 22?
1101111021
In base 15, what is -1560c - -4?
-15608
In base 10, what is -838 - 2845?
-3683
In base 5, what is 10034113 - 2?
10034111
In base 12, what is 3 + -468b2b?
-468b28
In base 14, what is -dac4 + 7?
-dabb
In base 5, what is 12330344 - -20?
12330414
In base 16, what is 3 + 4e7c0?
4e7c3
In base 16, what is 73 - 563?
-4f0
In base 13, what is 1 - -3704?
3705
In base 10, what is 3266 - -229?
3495
In base 6, what is -1 + 114431?
114430
In base 6, what is 3541224 + 10?
3541234
In base 4, what is 321031 - -23122?
1010213
In base 3, what is -2011 + -2220100?
-2222111
In base 5, what is 13033 - 344?
12134
In base 10, what is -7355 + -70?
-7425
In base 6, what is 12332321 - -2?
12332323
In base 8, what is -5 - -22670?
22663
In base 13, what is -139 - -20?
-119
In base 13, what is -7a1 + 276?
-528
In base 6, what is 1100 + 10301?
11401
In base 4, what is 1102 - -2232013?
2233121
In base 16, what is 4b + -2cb?
-280
In base 2, what is 11010111 - -1110?
11100101
In base 15, what is -1681 + -78?
-1709
In base 7, what is -2400 - 4?
-2404
In base 10, what is -8 + -42616?
-42624
In base 5, what is 14010141 + 10?
14010201
In base 8, what is -2346 - 3312?
-5660
In base 16, what is 1 - 2022?
-2021
In base 6, what is 1002115 + 14?
1002133
In base 10, what is 0 + 8221?
8221
In base 9, what is -57661 - -1?
-57660
In base 16, what is 3a4 + 3fa?
79e
In base 2, what is -11110110011 + -10010?
-11111000101
In base 13, what is 14 - 2803b?
-28027
In base 16, what is 13b3 + -d?
13a6
In base 8, what is 0 + -75720?
-75720
In base 13, what is 19a + 58b?
758
In base 8, what is 15 - 4101?
-4064
In base 16, what is -6 + -5616?
-561c
In base 14, what is 1b + -ac8a?
-ac